 q.
120
Let i(d) = 10*d**2 - 4*d**2 + 8*d**2 + 0*d**2. Let x be i(2). Let w = 92 - 85. What is the greatest common factor of x and w?
7
Suppose 320 + 0 = 6*b - 346. Calculate the highest common divisor of b and 32523.
111
Suppose 0 = -l - v + 22 + 15, -l + v + 35 = 0. Let y be 0 - (-5)/(20/144). What is the greatest common divisor of l and y?
36
Let i(f) = -65*f - 31. Let n be i(-4). Suppose -20 = 11*k - n. Calculate the greatest common divisor of k and 171.
19
Let k(d) = -3*d - 18. Let u = 9 - -1. Suppose -5*b - 12 - u = 3*g, 5*b = 5*g + 50. Let f be k(g). What is the highest common divisor of f and 72?
9
Let u be 726/10 - (-12)/30. Let m be u/(-4) - ((-15)/(-20) + -1). Let r = 4 - m. What is the greatest common divisor of r and 22?
22
Let q(z) = -3*z**2 - 21*z + 256. Let n be q(0). Calculate the highest common divisor of n and 704.
64
Let w be (2008/(-5020))/((-2)/(250*6)). What is the highest common factor of 19950 and w?
150
Let l(n) = -78*n + 28. Let u be l(-3). Calculate the highest common divisor of 2 and u.
2
Suppose -8 = j - 68. Let a(v) = 8*v**3 - 8*v**2 + 5*v. Let k be a(2). Let f be (7/k - 61/6)*-4. Calculate the greatest common divisor of j and f.
20
Let d be (-5)/1 + (41 - 2). Let j be (-4)/(-6)*(5 - -454). Calculate the greatest common divisor of d and j.
34
Let n = -181 + 326. Let r(w) = -1. Let q(x) = x + 3. Let d(p) = 2*q(p) + 7*r(p). Let z be d(15). Calculate the highest common factor of n and z.
29
Suppose 4*u = u - 4*u. Suppose u = 6*y - 7*y + 56. Suppose -i - y = -8*i. Calculate the highest common divisor of i and 6.
2
Let m = -124 - -143. Let n(f) be the first derivative of -31*f**2/2 + 2*f + 15. Let o be n(-3). What is the greatest common divisor of o and m?
19
Let t(u) = 27*u + 26. Let v be t(-8). Let h = 217 + v. Let q = 6 - 3. Calculate the highest common divisor of h and q.
3
Suppose -23 + 67 = 4*t. Let m(g) = 2*g**2 + g - 21. Let l be m(13). Suppose 19*c = 22*c - l. What is the greatest common factor of c and t?
11
Let z(y) = -y**2 - y + 125. Let k be z(0). Suppose 2*j - 117 = 3*o, -k = -0*j - 2*j - 5*o. Calculate the greatest common factor of j and 24.
12
Let u be (2/(-8)*2)/(20/(-160)). Let q be u + (329/35)/((-2)/(-10)). What is the greatest common factor of q and 102?
51
Let v be (-42)/18 + 4/(-6). Let o = v - -65. Let a = -44 + o. Calculate the greatest common factor of a and 36.
18
Let y(i) = -i + 70. Let z be 0/((-6)/3 - 0). Let p be y(z). Let f be 2/36*-3*-3*(-1512)/(-27). What is the highest common divisor of p and f?
14
Let n = 5825 - 3158. Calculate the greatest common factor of 14 and n.
7
Suppose c = 4*c. Suppose -34*i + 29*i = h - 439, i - 3*h - 91 = 0. Let t = i + c. What is the highest common divisor of t and 11?
11
Let a be 2/(-3) - (17 + -16)*(-19308)/18. Calculate the highest common divisor of a and 64.
16
Suppose 5*y + 168 = y. Let j be (y/5)/((-4)/30). Suppose 68*r + 4824 = 604*r. Calculate the greatest common factor of j and r.
9
Let f(o) = -o**2 + 1160*o - 6916. Let p be f(6). Let m = 1 + 2. Suppose -3*a + 6 - 1 = u, 3*a - 3 = -m*u. What is the greatest common divisor of p and a?
2
Let i be 4*(-5)/120 - 301/(-6). Let f(c) = 2*c**2 - c + 4. Let t be f(2). What is the greatest common factor of i and t?
10
Let o be (147/(-28))/(22/(-7736)) + (-57)/627. What is the greatest common factor of 52 and o?
26
Suppose -4*y + 3*y = -8. Let q = 10341 + -10213. Calculate the greatest common factor of y and q.
8
Let l be ((-1394)/4)/(-17)*(1 + 1). Suppose -l*w = -78*w + 2072. Calculate the greatest common divisor of 7 and w.
7
Suppose -356 = -k + 8*x + 41, 3*k - 1220 = -5*x. What is the greatest common factor of 285 and k?
15
Let f be -1 - (-2 - -2)/2. Let j be (1 + (2 - 4))/f. Let c(r) = -460*r + 4142. Let s be c(9). What is the highest common factor of s and j?
1
Let h(s) = 377*s - 1488. Let b be h(4). What is the greatest common factor of 1490 and b?
10
Suppose 28 = 4*k + 4*j, 82*k - 77*k + j = 15. Let p = -10 + 0. Let s = k - p. Calculate the greatest common divisor of 12 and s.
12
Suppose 60*s = 8*s + 97 + 423. Calculate the greatest common divisor of 1195 and s.
5
Let z(x) = 23*x**3 - x**2. Let r be z(1). Let b(i) = 16*i**2 + 10*i - 142. Let w be b(4). Calculate the highest common divisor of r and w.
22
Let j(t) = -12*t - 83. Let r(v) = 24*v + 165. Let u(y) = -9*j(y) - 5*r(y). Let f be u(-10). Calculate the greatest common divisor of f and 18.
6
Let i(g) = -2*g**2 + 159*g - 221. Let t be i(78). What is the highest common factor of t and 8866?
13
Let z = 14 + -10. Suppose -3*y = -w - 15, -w + z*y + 4 = 23. Let f = 11 + w. Calculate the highest common divisor of f and 56.
8
Let i = 2226 - 1127. What is the highest common factor of 7 and i?
7
Let i = 38097 - 36349. What is the greatest common factor of i and 57?
19
Let v(n) = 19*n - 153. Let f be v(8). Let p be ((-8)/32)/(f/20). What is the highest common divisor of 135 and p?
5
Let u be (26/(-3))/((-105)/9765). Calculate the highest common factor of u and 434.
62
Let i(n) = -692*n**2 - 13 + 691*n**2 - 17*n - 17. Let b be i(-13). What is the greatest common divisor of b and 11?
11
Let c = 19842 + -6005. What is the highest common divisor of c and 137?
137
Let b = -7055 + 7479. Calculate the highest common divisor of 583 and b.
53
Suppose 279*w + 22 = 2*o + 281*w, -4*o - 5*w + 40 = 0. Let p = 258 + -73. Calculate the greatest common divisor of p and o.
5
Let h = 109 + -108. Let m be (h - (2 + 0))/(2/(-34)). Calculate the highest common factor of m and 34.
17
Suppose 0 = 5*p + 25, 36*p = -n + 32*p + 18235. What is the highest common factor of n and 30?
15
Suppose 0 = 3*t - 54. Suppose 2*m = 4*i - 5*i + 12, i - 2*m = 24. Suppose 13*p - i*p + 10 = 0. What is the highest common divisor of t and p?
2
Let s(a) = 7*a**2 + 3*a + 3. Let j(d) = 6*d**2 + 3*d + 4. Let t(h) = 5*j(h) - 4*s(h). Let u be t(5). What is the greatest common divisor of u and 584?
73
Let a be (-3)/(-2) - 6/(-12). Suppose -o = -2*n + 1, -2*n - 5*o + 2 = -5. Let j be n - (-22)/a - 3. What is the greatest common divisor of j and 72?
9
Suppose 12 - 6 = -6*q. Let u be (-3)/(-15) + (q - 57/(-15)). Suppose 174 = u*c - 66. What is the highest common factor of c and 60?
20
Let r(j) = 104*j + 1160. Let m be r(-9). What is the greatest common factor of 128 and m?
32
Let m = -820 + 822. Let b be ((-394)/(-14) - m) + (-3)/21. Calculate the highest common factor of b and 13.
13
Let n(r) be the third derivative of -r**4/4 - r**2. Let k be n(-2). Suppose -739*h - 125266 = -169606. What is the highest common divisor of k and h?
12
Suppose -59*q - 15428 = 70*q - 167*q. Calculate the highest common factor of 2146 and q.
58
Let q(g) = g**2 - 3*g. Let x be q(7). Suppose -23*o - 630 = -x*o. What is the highest common factor of 63 and o?
63
Let a(u) = 3*u**3 + 29*u**2 - 18*u - 29. Let v be a(-11). Let x = -303 - v. What is the greatest common divisor of 294 and x?
6
Let a(i) = i**2 - 31*i - 8. Let o be a(13). Let q = o - -266. What is the highest common divisor of q and 408?
24
Let y(g) = 19*g**2 - 116*g - 1937. Let t be y(-14). What is the highest common divisor of t and 18?
9
Let f be 5 + -6*(-10)/(-15). Let p be 3/1 + (126 - f). Calculate the greatest common factor of 32 and p.
32
Suppose 0 = -i - 2*m + 7108, -2*m + 4*m - 10 = 0. Let w be 7 + (i/(-6))/(-7). What is the greatest common factor of 32 and w?
16
Let c be (-2)/3 - 1360/(-15). Let w be 4/(-10)*c*3/(-6). What is the greatest common factor of 45 and w?
9
Let h = -1226 - -2934. What is the greatest common factor of 21 and h?
7
Let w = -105 + 109. Suppose -7*j - 18 = -10*j - w*g, -4*j - 5*g + 24 = 0. Let q = 4 + -2. What is the highest common factor of j and q?
2
Suppose -112 = 7*n + 49. Let r = -16 - n. Suppose 3*h + 134 = 2*w + 20, 4*w - 240 = 3*h. What is the greatest common divisor of r and w?
7
Let s = 109 + -87. Let x = s + -131. Let l = x + 142. What is the greatest common factor of l and 22?
11
Suppose -k - 4*k = -25. Let n(l) = -4*l**2 + l - 9. Let f be n(k). Let x = f + 467. What is the greatest common factor of 33 and x?
33
Let a = -34 - -37. Suppose 0 = 4*g + a*m - 305 - 800, -3*g - m + 825 = 0. Let k = -10 + g. Calculate the highest common factor of 24 and k.
24
Let w be 92 - 6*42/36. Let z = 20 + -3. What is the greatest common divisor o